ve of -k**3/6 - 11*k**2/2 + 2*k. Let i(v) = -2*v**2 + 8*v + 2. Let d be (-16)/24 - 17/(-3). Let t be i(d). Determine z(t).
-3
Let r(v) = v**3 + v**2 + v - 6. Suppose 167*k = 164*k. What is r(k)?
-6
Let n(d) = -15*d - 6. Let w(b) = -13*b - 7. Let h(z) = 6*n(z) - 7*w(z). Give h(-5).
8
Let k be 3 - (0 + 1 + 0). Let q(i) = 5 - 3*i + 2 - k. Suppose 25*s + 150 = 18*s + 37*s. Calculate q(s).
-10
Let i(q) = q**3 + q**2 - 3*q + 2. Let y be (-40)/(-16)*(-36)/(-45). Calculate i(y).
8
Suppose 4*d = 5*v - 44, -4*v - 3 = -5*v - 5*d. Let j(z) = -z**3 + 7*z**2 + 8*z + 8. Determine j(v).
8
Let v = -1 - 4. Let h(n) be the third derivative of 0 + 1/60*n**5 + 13*n**2 + 1/2*n**3 + 0*n + 1/4*n**4. Give h(v).
-2
Suppose 38 = 3*g + 26. Let h(v) = v + 1. Let o be h(1). Let f(q) = -o*q + 0*q - 2 - g*q + 1. What is f(-2)?
11
Let y(k) = -k**2. Let b = -200 - -198. Give y(b).
-4
Let s be 18/24 + 9/4. Suppose -2*u = -5*h + 21, -s*u - h + 4*h - 9 = 0. Let y(o) = 3*o. Let n(a) = -6*a. Let m(x) = -2*n(x) - 5*y(x). Calculate m(u).
-6
Let u(y) = -3 + 1 + 5*y**2 - 4*y**2 + 5 + y**3 - 3*y. Suppose 0 = -5*m - f - 16, -10*m + 3*f - 12 = -5*m. Calculate u(m).
-6
Suppose 2*t + 85 - 67 = 0. Let i(b) = -4*b - 31. Calculate i(t).
5
Suppose 46*m - 4 = 44*m. Let k(a) = -a**3 + 3*a**2 - a - 4. Determine k(m).
-2
Let q = -78 + 85. Let m(l) = 25 - 10 - 11 - q - l. Give m(-4).
1
Let x(o) = o**3 + 4*o**2 - 3. Let m(n) = 3*n - 5. Let y(j) = 5*j - 11. Let p(w) = -7*m(w) + 4*y(w). Let i be p(-6). Calculate x(i).
6
Let u(g) = -g**2 + 8*g + 6. Suppose 1 = -3*t + 7. Let j(f) = -9*f + 0*f**2 + 3*f**2 + 1 - t*f**2 - 8. Let v(y) = -5*j(y) - 6*u(y). Calculate v(2).
-3
Let m = 104 - 146. Let b = -52 - m. Let s(i) = i + 1. What is s(b)?
-9
Let b(w) = -14*w**2 + 4 - 3 + 4*w + 0 + w**3 + 9*w**2. Suppose m - 12 = -4*m + 3*x, 3*m = 5*x + 4. Calculate b(m).
-5
Let a(p) be the third derivative of -1/20*p**5 + 0*p**3 - 7*p**2 + 0*p + 1/120*p**6 + 0 - 1/6*p**4. Determine a(4).
0
Let m(b) = 3*b - 2. Let l be m(6). Let w(n) = -l*n + 16*n - n + 1. What is w(-3)?
4
Let m be (-2 + 2)*1/1. Let u(b) = -1 - 3*b + m - 2*b. Give u(1).
-6
Let g(p) be the third derivative of -1/24*p**4 + 0*p + 1/120*p**6 + 0 + 1/6*p**3 + 11*p**2 - 1/60*p**5. Determine g(3).
16
Suppose -2*v - 3659 = 2*v - 3*t, -3*t - 4594 = 5*v. Let d be v/49 - (-2)/(-7). Let x = 15 + d. Let q(f) = f**2 + 4*f - 1. Determine q(x).
-1
Let u(k) = 6*k - 4. Let l(s) = 5*s - 3. Let p(f) = -7*l(f) + 6*u(f). Give p(2).
-1
Let l(n) be the second derivative of 0 - 15*n + 2/3*n**3 + n**2. Let c be (-1)/(-2) - (-10)/(-4). Calculate l(c).
-6
Let j(o) = 30*o - 20*o - 3*o + 6 - 8*o. Calculate j(9).
-3
Suppose -28*x + 31*x - 24 = 0. Let i(z) = 0 - 5*z + 6 - z**2 - x - 3. Give i(-4).
-1
Let x(t) = -11*t**2 + 0 + 7 - 14*t**2 + 4*t. Suppose 0 = -7*h - 6 - 15. Let p(l) = -12*l**2 + 2*l + 4. Let f(r) = h*x(r) + 5*p(r). Give f(-1).
16
Let j(h) = 8*h**2 - 29*h + 21. Let p(m) = 3*m**2 - 10*m + 8. Let u(i) = -4*j(i) + 11*p(i). Let z(r) = -r**2 + r - 4. Let c be z(0). Calculate u(c).
-4
Let o(q) be the first derivative of -q + 1/2*q**2 + 5/12*q**4 - 5 - 1/3*q**3. Let f(c) be the first derivative of o(c). Calculate f(1).
4
Let d(h) = -h**2 - h - 3. Let z(y) be the first derivative of -y**3 - y**2 - 7*y - 3. Let a(l) = 9*d(l) - 4*z(l). Suppose -4*n + 1 = -3. Determine a(n).
3
Let b(h) be the second derivative of h**6/360 - h**5/60 - 13*h**3/6 - 13*h. Let x(j) be the second derivative of b(j). Give x(4).
8
Suppose 9 = 2*i + 6*k - 11*k, 5*i + k = 9. Let l(w) be the first derivative of -11 + i*w + 4*w**2 - 1/3*w**3. Determine l(7).
9
Let r(j) be the third derivative of -j**6/120 + 3*j**5/20 + j**4/24 - 3*j**3/2 + j**2 - 15. Give r(9).
0
Let y(n) = -3*n - 10. Let k be y(-4). Suppose 0*v + 15 = -5*v - 3*r, 3*r - 27 = k*v. Let u(d) = d + 3 + 1 + 0*d. What is u(v)?
-2
Let b(z) be the first derivative of z**3/3 - 11*z**2/2 + 6*z + 13. What is b(11)?
6
Suppose 0 = 26*u + 42 + 114. Let k(b) = -2*b - 15. What is k(u)?
-3
Let p(x) = x**3 + 6*x**2 - 7. Let a(w) = -7*w**2 - w + 3. Let i be a(1). Determine p(i).
18
Suppose 8*l - 38 = 26. Let c(g) = g - 9. Calculate c(l).
-1
Let x(m) = 0*m + m**3 + 9*m**2 - 3*m + 3*m**2 + 2*m**2 + 5 - 8*m**2. Determine x(-7).
-23
Let z(g) = 3*g - 91. Let a(d) = -d + 29. Let c(o) = 7*a(o) + 2*z(o). What is c(11)?
10
Let q = 20 - 11. Suppose q = -2*o - o. Let k(v) be the third derivative of v**6/120 + v**5/15 + v**4/12 - 2*v**3/3 - 17*v**2. Calculate k(o).
-1
Let u(i) = i**3 - 12*i**2 - 7. Suppose 0 = -4*j + k + 49, 65 = 5*j - 0*j - 5*k. What is u(j)?
-7
Let b(z) = -3*z - 5 + 2 - 5*z**2 + 11*z**2 - z**3. Calculate b(6).
-21
Let t(i) = i**2 + 8*i + 1. Let b(x) = -x**2 - x - 3*x + 3*x. Let j be b(2). What is t(j)?
-11
Let j(x) = 3*x + 1. Let s(h) = -4*h - 14. Let i be s(-6). Suppose -i = -2*w - 2*w - 3*d, 6 = 2*w + 2*d. What is j(w)?
4
Suppose 6*u - 5*u = 4*p - 4, -2*u - 4*p + 16 = 0. Let o(g) = -g**2 + 4*g - 3. Give o(u).
-3
Let y be 665/133*(-6)/15. Let u(r) = -5*r**3 + r**2 + 4*r + 1. Let k(x) = 6*x**3 - x**2 - 5*x - 1. Let f(d) = -6*k(d) - 7*u(d). Calculate f(y).
-1
Let g(b) = b - 5. Let w be g(9). Let z = w + 3. Suppose -2*i = -z*i - 25. Let o(c) = c**3 + 4*c**2 - 5*c - 2. Determine o(i).
-2
Suppose 4*c + 4 = -0. Let g = 12 + c. Suppose -2*z + g = -5*o, -9 = -z - 2*z. Let t(r) = -13*r**2 + r. What is t(o)?
-14
Let z(d) be the first derivative of 8 + d**3 + 1/4*d**4 - 7/2*d**2 - d. Calculate z(-5).
-16
Suppose 63*c = 60*c + 21. Let b(d) = d**2 - 11*d + 8. What is b(c)?
-20
Let u be 32/(-22) - 1116/2046. Let l(h) be the third derivative of -h**6/120 - h**5/15 - h**4/8 - h**2. Give l(u).
-2
Let u(c) = -5 + 2*c**2 - c**2 + 2*c - c. Suppose 70 = -78*r + 73*r. Let h be r/3 - -5*(-6)/90. Determine u(h).
15
Let s(h) be the second derivative of -h**4/4 + 17*h**3/6 - 7*h**2/2 - 3*h - 34. Determine s(7).
-35
Suppose 21*c = -21 + 126. Let l be 3 + (-1)/(-2)*4. Let b(t) = -4*t + 8. Let f(s) = -9*s + 17. Let k(h) = l*b(h) - 2*f(h). Calculate k(c).
-4
Let o = 32 - 51. Let u = -17 - o. Let w(y) = -1 - y**u + 0 + 2*y + 0. Determine w(1).
0
Let d(s) = 1 - s + 7 - 5*s - 5. Calculate d(2).
-9
Let y = 1823 + -1817. Let l(s) = -3*s**3 + 18*s**2 + 2*s + 1. Let n(a) = -a**3 + 6*a**2 + a. Let u(x) = 3*l(x) - 8*n(x). Give u(y).
-9
Let v(n) be the third derivative of n**4/12 + n**2. Let u(p) = -3*p. Let m(z) = 5*u(z) + 7*v(z). Suppose 0 = 61*s + 14 + 169. What is m(s)?
3
Let c(w) = -w**2. Let p = 17 + -5. Let b(f) = -2*f + f**2 - 16 + 14 - p*f. Let n be b(14). Determine c(n).
-4
Let g(o) = -9*o**2 + o + 1. Suppose -3*n = 2 - 11. Suppose 19 = -n*z - 4*i, -4*z + 5*i + 11 = -5. Give g(z).
-9
Suppose 0 = -h - 2*k - 2*k - 3, 0 = 3*h - 4*k - 7. Let f(s) = -6*s**2 + 2*s - 1. Give f(h).
-5
Let g(p) be the first derivative of -4*p + 15 + 1/2*p**2. Suppose 0 = -5*u - m - 4*m - 15, -5*u = -5*m + 55. What is g(u)?
-11
Let o(f) = -21*f**2 + 1. Let u be o(1). Let t = -8 - u. Let w be (1 + t/(-9))*15. Let i(j) = j**2 + 4*j - 4. What is i(w)?
1
Let o(f) = -f**3 + 9*f**2 + f - 3. Let m = 350 + -341. What is o(m)?
6
Let q = -8 - -8. Suppose 0 = -4*s - 5*n - 33, q = -2*s + n - 1 + 2. Let i(j) = -4*j**2 + j**2 - 5*j**3 - j + 6*j**3 - 2 - 3*j**3. Calculate i(s).
4
Let l be (2/4)/((-2)/(-16)). Let v(h) = -l*h - 5*h**2 + 2 - 4*h**2 + 10*h**2. What is v(4)?
2
Let l(o) = -2*o - 55. Suppose 0 = 11*n - 24 + 299. Determine l(n).
-5
Let g(u) = 2*u**2 + 8*u**3 + u - 2*u**3 - 3*u**3. Let a be (-8)/(-12)*(-3)/2. Let p be g(a). Let y(k) = k - 1. What is y(p)?
-3
Suppose 8*y - 7*y = 1. Suppose -4*c + 4*f = -23 - y, f = -3. Let p(v) = -c*v**2 + v**2 - 3*v**2 - v**3. What is p(-5)?
0
Suppose -7*y + 21 = -4*y. Let m(r) be the first derivative of -5*r**2/2 + 10*r + 32. Calculate m(y).
-25
Let c(f) = 11*f + 11*f + 8*f + 6*f - 40*f - 6. Determine c(5).
-26
Suppose -9*d + 19 = 1. Let n(g) = g + 2*g**2 + d + 13*g**3 + 3*g**3 - 17*g**3. Let i(h) = -2*h - 9. Let s be i(-6). Calculate n(s).
-4
Let w(n) = -n**3 - n**2 + n - 8. Suppose 5*d - 6*d = 2*b + 9, 2*d = -3*b - 13. Let g = 12 + b. Suppose -2*s = -g*s. What is w(s)?
-8
Suppose -5*g = 2*c - g, 0 = 2*c - 3*g - 7. Let f = c - -5. Let b(w) = -15*w**2 + 7*w - 2 + 2 + 14*w**2. Give b(f).
0
Let a(n) be the second derivative of n**4/12 - n**3/6 - n**2/2 - 1661*n. Let j = -4 + 1. Calcula